[INFO] cloning repository https://github.com/team-impulse/thermal_image_mapping
[INFO] running `Command { std: "git" "-c" "credential.helper=" "-c" "credential.helper=/workspace/cargo-home/bin/git-credential-null" "clone" "--bare" "https://github.com/team-impulse/thermal_image_mapping" "/workspace/cache/git-repos/https%3A%2F%2Fgithub.com%2Fteam-impulse%2Fthermal_image_mapping", kill_on_drop: false }`
[INFO] [stderr] Cloning into bare repository '/workspace/cache/git-repos/https%3A%2F%2Fgithub.com%2Fteam-impulse%2Fthermal_image_mapping'...
[INFO] running `Command { std: "git" "rev-parse" "HEAD", kill_on_drop: false }`
[INFO] [stdout] d8a429bf34661c78cded5f5519b2deb7d20ab9d7
[INFO] checking team-impulse/thermal_image_mapping against try#72f88fc4e9458f89516a0b8b0868f3718aec5b47 for pr-74989
[INFO] running `Command { std: "git" "clone" "/workspace/cache/git-repos/https%3A%2F%2Fgithub.com%2Fteam-impulse%2Fthermal_image_mapping" "/workspace/builds/worker-7/source", kill_on_drop: false }`
[INFO] [stderr] Cloning into '/workspace/builds/worker-7/source'...
[INFO] [stderr] done.
[INFO] validating manifest of git repo https://github.com/team-impulse/thermal_image_mapping on toolchain 72f88fc4e9458f89516a0b8b0868f3718aec5b47
[INFO] running `Command { std: "/workspace/cargo-home/bin/cargo" "+72f88fc4e9458f89516a0b8b0868f3718aec5b47" "read-manifest" "--manifest-path" "Cargo.toml", kill_on_drop: false }`
[INFO] started tweaking git repo https://github.com/team-impulse/thermal_image_mapping
[INFO] finished tweaking git repo https://github.com/team-impulse/thermal_image_mapping
[INFO] tweaked toml for git repo https://github.com/team-impulse/thermal_image_mapping written to /workspace/builds/worker-7/source/Cargo.toml
[INFO] crate git repo https://github.com/team-impulse/thermal_image_mapping already has a lockfile, it will not be regenerated
[INFO] running `Command { std: "/workspace/cargo-home/bin/cargo" "+72f88fc4e9458f89516a0b8b0868f3718aec5b47" "fetch" "--locked" "--manifest-path" "Cargo.toml", kill_on_drop: false }`
[INFO] [stderr]     Updating git repository `https://github.com/sebcrozet/nalgebra`
[INFO] [stderr] error: the lock file /workspace/builds/worker-7/source/Cargo.lock needs to be updated but --locked was passed to prevent this
[INFO] [stderr] If you want to try to generate the lock file without accessing the network, use the --offline flag.
[INFO] the lockfile is outdated, regenerating it
[INFO] running `Command { std: "/workspace/cargo-home/bin/cargo" "+72f88fc4e9458f89516a0b8b0868f3718aec5b47" "generate-lockfile" "--manifest-path" "Cargo.toml" "-Zno-index-update", kill_on_drop: false }`
[INFO] [stderr]     Updating git repository `https://github.com/sebcrozet/nalgebra`
[INFO] [stderr] warning: fetching `master` branch from `https://github.com/sebcrozet/nalgebra` but the `HEAD` reference for this repository is not the `master` branch. This behavior will change in Cargo in the future and your build may break, so it's recommended to place `branch = "master"` in Cargo.toml when depending on this git repository to ensure that your build will continue to work.
[INFO] running `Command { std: "/workspace/cargo-home/bin/cargo" "+72f88fc4e9458f89516a0b8b0868f3718aec5b47" "fetch" "--locked" "--manifest-path" "Cargo.toml", kill_on_drop: false }`
[INFO] [stderr]     Blocking waiting for file lock on package cache
[INFO] [stderr]  Downloading crates ...
[INFO] [stderr]   Downloaded simba v0.1.5
[INFO] [stderr]   Downloaded csv v0.14.7
[INFO] running `Command { std: "docker" "create" "-v" "/var/lib/crater-agent-workspace/builds/worker-7/target:/opt/rustwide/target:rw,Z" "-v" "/var/lib/crater-agent-workspace/builds/worker-7/source:/opt/rustwide/workdir:ro,Z" "-v" "/var/lib/crater-agent-workspace/cargo-home:/opt/rustwide/cargo-home:ro,Z" "-v" "/var/lib/crater-agent-workspace/rustup-home:/opt/rustwide/rustup-home:ro,Z" "-e" "SOURCE_DIR=/opt/rustwide/workdir" "-e" "CARGO_TARGET_DIR=/opt/rustwide/target" "-e" "CARGO_HOME=/opt/rustwide/cargo-home" "-e" "RUSTUP_HOME=/opt/rustwide/rustup-home" "-w" "/opt/rustwide/workdir" "-m" "1610612736" "--user" "0:0" "--network" "none" "rustops/crates-build-env@sha256:d92eaeed33fa75130ca1ee6c8a01d1ffb62bac859dfdfb3450e3e5d1c0146529" "/opt/rustwide/cargo-home/bin/cargo" "+72f88fc4e9458f89516a0b8b0868f3718aec5b47" "metadata" "--no-deps" "--format-version=1", kill_on_drop: false }`
[INFO] [stdout] 36255062dc591048c3c28c4c40503ce5846020c626a14cdc611d7f2b238e356c
[INFO] [stderr] WARNING: Your kernel does not support swap limit capabilities or the cgroup is not mounted. Memory limited without swap.
[INFO] running `Command { std: "docker" "start" "-a" "36255062dc591048c3c28c4c40503ce5846020c626a14cdc611d7f2b238e356c", kill_on_drop: false }`
[INFO] running `Command { std: "docker" "inspect" "36255062dc591048c3c28c4c40503ce5846020c626a14cdc611d7f2b238e356c", kill_on_drop: false }`
[INFO] running `Command { std: "docker" "rm" "-f" "36255062dc591048c3c28c4c40503ce5846020c626a14cdc611d7f2b238e356c", kill_on_drop: false }`
[INFO] [stdout] 36255062dc591048c3c28c4c40503ce5846020c626a14cdc611d7f2b238e356c
[INFO] running `Command { std: "docker" "create" "-v" "/var/lib/crater-agent-workspace/builds/worker-7/target:/opt/rustwide/target:rw,Z" "-v" "/var/lib/crater-agent-workspace/builds/worker-7/source:/opt/rustwide/workdir:ro,Z" "-v" "/var/lib/crater-agent-workspace/cargo-home:/opt/rustwide/cargo-home:ro,Z" "-v" "/var/lib/crater-agent-workspace/rustup-home:/opt/rustwide/rustup-home:ro,Z" "-e" "SOURCE_DIR=/opt/rustwide/workdir" "-e" "CARGO_TARGET_DIR=/opt/rustwide/target" "-e" "CARGO_INCREMENTAL=0" "-e" "RUST_BACKTRACE=full" "-e" "RUSTFLAGS=--cap-lints=forbid" "-e" "CARGO_HOME=/opt/rustwide/cargo-home" "-e" "RUSTUP_HOME=/opt/rustwide/rustup-home" "-w" "/opt/rustwide/workdir" "-m" "1610612736" "--user" "0:0" "--network" "none" "rustops/crates-build-env@sha256:d92eaeed33fa75130ca1ee6c8a01d1ffb62bac859dfdfb3450e3e5d1c0146529" "/opt/rustwide/cargo-home/bin/cargo" "+72f88fc4e9458f89516a0b8b0868f3718aec5b47" "check" "--frozen" "--all" "--all-targets" "--message-format=json", kill_on_drop: false }`
[INFO] [stderr] WARNING: Your kernel does not support swap limit capabilities or the cgroup is not mounted. Memory limited without swap.
[INFO] [stdout] 1d62631deb43d86bafe4257c700fa8b5601b3747ee8079fae0c8dc43952fb9f1
[INFO] running `Command { std: "docker" "start" "-a" "1d62631deb43d86bafe4257c700fa8b5601b3747ee8079fae0c8dc43952fb9f1", kill_on_drop: false }`
[INFO] [stderr]    Compiling autocfg v1.0.1
[INFO] [stderr]    Compiling libc v0.2.77
[INFO] [stderr]     Checking cfg-if v0.1.10
[INFO] [stderr]    Compiling paste-impl v0.1.18
[INFO] [stderr]     Checking csv v0.14.7
[INFO] [stderr]     Checking generic-array v0.13.2
[INFO] [stderr]     Checking term v0.2.14
[INFO] [stderr]    Compiling num-traits v0.2.12
[INFO] [stderr]    Compiling num-integer v0.1.43
[INFO] [stderr]    Compiling num-complex v0.2.4
[INFO] [stderr]    Compiling num-rational v0.2.4
[INFO] [stderr]     Checking paste v0.1.18
[INFO] [stderr]     Checking getrandom v0.1.15
[INFO] [stderr]     Checking rand_core v0.5.1
[INFO] [stderr]     Checking approx v0.3.2
[INFO] [stderr]     Checking rand_chacha v0.2.2
[INFO] [stderr]     Checking rand v0.7.3
[INFO] [stderr]     Checking simba v0.1.5
[INFO] [stderr]     Checking rand_distr v0.2.2
[INFO] [stderr]     Checking nalgebra v0.21.1 (https://github.com/sebcrozet/nalgebra#d5cbe563)
[INFO] [stderr]     Checking heat_map v0.1.0 (/opt/rustwide/workdir)
[INFO] [stdout] error[E0432]: unresolved imports `na::Mat2`, `na::Vec2`
[INFO] [stdout]  --> src/main.rs:7:11
[INFO] [stdout]   |
[INFO] [stdout] 7 | use na::{ Mat2, Vec2 };
[INFO] [stdout]   |           ^^^^  ^^^^ no `Vec2` in the root
[INFO] [stdout]   |           |
[INFO] [stdout]   |           no `Mat2` in the root
[INFO] [stdout] 
[INFO] [stdout] 
[INFO] [stdout] error[E0432]: unresolved imports `std::cmp::partial_min`, `std::cmp::partial_max`
[INFO] [stdout]  --> src/main.rs:8:17
[INFO] [stdout]   |
[INFO] [stdout] 8 | use std::cmp::{ partial_min, partial_max };
[INFO] [stdout]   |                 ^^^^^^^^^^^  ^^^^^^^^^^^ no `partial_max` in `cmp`
[INFO] [stdout]   |                 |
[INFO] [stdout]   |                 no `partial_min` in `cmp`
[INFO] [stdout] 
[INFO] [stdout] 
[INFO] [stdout] error[E0425]: cannot find value `PI_2` in module `consts`
[INFO] [stdout]   --> src/main.rs:12:50
[INFO] [stdout]    |
[INFO] [stdout] 12 |     const RESOLUTION_X : f64 = 20./360.0*consts::PI_2;
[INFO] [stdout]    |                                                  ^^^^ not found in `consts`
[INFO] [stdout] 
[INFO] [stdout] 
[INFO] [stdout] error[E0425]: cannot find value `PI_2` in module `consts`
[INFO] [stdout]   --> src/main.rs:13:49
[INFO] [stdout]    |
[INFO] [stdout] 13 |     const RESOLUTION_Y : f64 = 5./360.0*consts::PI_2;
[INFO] [stdout]    |                                                 ^^^^ not found in `consts`
[INFO] [stdout] 
[INFO] [stdout] 
[INFO] [stdout] error[E0425]: cannot find value `PI_2` in module `consts`
[INFO] [stdout]    --> src/main.rs:112:85
[INFO] [stdout]     |
[INFO] [stdout] 112 |         env_data.push((record.lat, record.long, record.h, record.bear/360.0*consts::PI_2));
[INFO] [stdout]     |                                                                                     ^^^^ not found in `consts`
[INFO] [stdout] 
[INFO] [stdout] 
[INFO] [stdout] warning: trait objects without an explicit `dyn` are deprecated
[INFO] [stdout]   --> src/main.rs:11:80
[INFO] [stdout]    |
[INFO] [stdout] 11 | fn build_region(lat: f64, lon: f64, h: f64, bear: f64, x: i64, y: i64) -> (Box<Fn(f64,f64) -> bool>, f64, f64, f64, f64) {
[INFO] [stdout]    |                                                                                ^^^^^^^^^^^^^^^^^^^ help: use `dyn`: `dyn Fn(f64,f64) -> bool`
[INFO] [stdout]    |
[INFO] [stdout]    = note: `#[warn(bare_trait_objects)]` on by default
[INFO] [stdout] 
[INFO] [stdout] 
[INFO] [stdout] warning: trait objects without an explicit `dyn` are deprecated
[INFO] [stdout]   --> src/main.rs:58:103
[INFO] [stdout]    |
[INFO] [stdout] 58 | ..., f64, f64, f64)>) -> (Vec<Vec<(Box<Fn(f64,f64) -> bool>,i64)>>, f64,f64,f64,f64) {
[INFO] [stdout]    |                                        ^^^^^^^^^^^^^^^^^^^ help: use `dyn`: `dyn Fn(f64,f64) -> bool`
[INFO] [stdout] 
[INFO] [stdout] 
[INFO] [stdout] warning: trait objects without an explicit `dyn` are deprecated
[INFO] [stdout]   --> src/main.rs:64:27
[INFO] [stdout]    |
[INFO] [stdout] 64 |    let mut shot: Vec<(Box<Fn(f64,f64) -> bool>,i64)> = vec![];
[INFO] [stdout]    |                           ^^^^^^^^^^^^^^^^^^^ help: use `dyn`: `dyn Fn(f64,f64) -> bool`
[INFO] [stdout] 
[INFO] [stdout] 
[INFO] [stdout] warning: trait objects without an explicit `dyn` are deprecated
[INFO] [stdout]   --> src/main.rs:65:32
[INFO] [stdout]    |
[INFO] [stdout] 65 |    let mut shots: Vec<Vec<(Box<Fn(f64,f64) -> bool>,i64)>> = vec![];
[INFO] [stdout]    |                                ^^^^^^^^^^^^^^^^^^^ help: use `dyn`: `dyn Fn(f64,f64) -> bool`
[INFO] [stdout] 
[INFO] [stdout] 
[INFO] [stdout] warning: unnecessary parentheses around function argument
[INFO] [stdout]    --> src/main.rs:125:34
[INFO] [stdout]     |
[INFO] [stdout] 125 |     let min_across = partial_min((max_long-min_long), (max_lat-min_lat)).unwrap();
[INFO] [stdout]     |                                  ^^^^^^^^^^^^^^^^^^^ help: remove these parentheses
[INFO] [stdout]     |
[INFO] [stdout]     = note: `#[warn(unused_parens)]` on by default
[INFO] [stdout] 
[INFO] [stdout] 
[INFO] [stdout] warning: unnecessary parentheses around function argument
[INFO] [stdout]    --> src/main.rs:125:55
[INFO] [stdout]     |
[INFO] [stdout] 125 |     let min_across = partial_min((max_long-min_long), (max_lat-min_lat)).unwrap();
[INFO] [stdout]     |                                                       ^^^^^^^^^^^^^^^^^ help: remove these parentheses
[INFO] [stdout] 
[INFO] [stdout] 
[INFO] [stdout] warning: `...` range patterns are deprecated
[INFO] [stdout]    --> src/main.rs:146:18
[INFO] [stdout]     |
[INFO] [stdout] 146 |                 1...20 => t.fg(term::color::CYAN).unwrap(),
[INFO] [stdout]     |                  ^^^ help: use `..=` for an inclusive range
[INFO] [stdout]     |
[INFO] [stdout]     = note: `#[warn(ellipsis_inclusive_range_patterns)]` on by default
[INFO] [stdout] 
[INFO] [stdout] 
[INFO] [stdout] warning: `...` range patterns are deprecated
[INFO] [stdout]    --> src/main.rs:147:19
[INFO] [stdout]     |
[INFO] [stdout] 147 |                 -3...0 => t.fg(term::color::RED).unwrap(),
[INFO] [stdout]     |                   ^^^ help: use `..=` for an inclusive range
[INFO] [stdout] 
[INFO] [stdout] 
[INFO] [stdout] warning: `...` range patterns are deprecated
[INFO] [stdout]    --> src/main.rs:148:19
[INFO] [stdout]     |
[INFO] [stdout] 148 |                 -7...-4 => t.fg(term::color::MAGENTA).unwrap(),
[INFO] [stdout]     |                   ^^^ help: use `..=` for an inclusive range
[INFO] [stdout] 
[INFO] [stdout] 
[INFO] [stdout] warning: `...` range patterns are deprecated
[INFO] [stdout]    --> src/main.rs:149:20
[INFO] [stdout]     |
[INFO] [stdout] 149 |                 -11...-8 => t.fg(term::color::YELLOW).unwrap(),
[INFO] [stdout]     |                    ^^^ help: use `..=` for an inclusive range
[INFO] [stdout] 
[INFO] [stdout] 
[INFO] [stdout] warning: `...` range patterns are deprecated
[INFO] [stdout]    --> src/main.rs:150:20
[INFO] [stdout]     |
[INFO] [stdout] 150 |                 -15...-12 => t.fg(term::color::WHITE).unwrap(),
[INFO] [stdout]     |                    ^^^ help: use `..=` for an inclusive range
[INFO] [stdout] 
[INFO] [stdout] 
[INFO] [stdout] error[E0432]: unresolved imports `na::Mat2`, `na::Vec2`
[INFO] [stdout]  --> src/main.rs:7:11
[INFO] [stdout]   |
[INFO] [stdout] 7 | use na::{ Mat2, Vec2 };
[INFO] [stdout]   |           ^^^^  ^^^^ no `Vec2` in the root
[INFO] [stdout]   |           |
[INFO] [stdout]   |           no `Mat2` in the root
[INFO] [stdout] 
[INFO] [stdout] 
[INFO] [stdout] error[E0432]: unresolved imports `std::cmp::partial_min`, `std::cmp::partial_max`
[INFO] [stdout]  --> src/main.rs:8:17
[INFO] [stdout]   |
[INFO] [stdout] 8 | use std::cmp::{ partial_min, partial_max };
[INFO] [stdout]   |                 ^^^^^^^^^^^  ^^^^^^^^^^^ no `partial_max` in `cmp`
[INFO] [stdout]   |                 |
[INFO] [stdout]   |                 no `partial_min` in `cmp`
[INFO] [stdout] 
[INFO] [stdout] 
[INFO] [stdout] error[E0425]: cannot find value `PI_2` in module `consts`
[INFO] [stdout]   --> src/main.rs:12:50
[INFO] [stdout]    |
[INFO] [stdout] 12 |     const RESOLUTION_X : f64 = 20./360.0*consts::PI_2;
[INFO] [stdout]    |                                                  ^^^^ not found in `consts`
[INFO] [stdout] 
[INFO] [stdout] 
[INFO] [stdout] error[E0425]: cannot find value `PI_2` in module `consts`
[INFO] [stdout]   --> src/main.rs:13:49
[INFO] [stdout]    |
[INFO] [stdout] 13 |     const RESOLUTION_Y : f64 = 5./360.0*consts::PI_2;
[INFO] [stdout]    |                                                 ^^^^ not found in `consts`
[INFO] [stdout] 
[INFO] [stdout] 
[INFO] [stdout] error[E0425]: cannot find value `PI_2` in module `consts`
[INFO] [stdout]    --> src/main.rs:112:85
[INFO] [stdout]     |
[INFO] [stdout] 112 |         env_data.push((record.lat, record.long, record.h, record.bear/360.0*consts::PI_2));
[INFO] [stdout]     |                                                                                     ^^^^ not found in `consts`
[INFO] [stdout] 
[INFO] [stdout] 
[INFO] [stdout] warning: trait objects without an explicit `dyn` are deprecated
[INFO] [stdout]   --> src/main.rs:11:80
[INFO] [stdout]    |
[INFO] [stdout] 11 | fn build_region(lat: f64, lon: f64, h: f64, bear: f64, x: i64, y: i64) -> (Box<Fn(f64,f64) -> bool>, f64, f64, f64, f64) {
[INFO] [stdout]    |                                                                                ^^^^^^^^^^^^^^^^^^^ help: use `dyn`: `dyn Fn(f64,f64) -> bool`
[INFO] [stdout]    |
[INFO] [stdout]    = note: `#[warn(bare_trait_objects)]` on by default
[INFO] [stdout] 
[INFO] [stdout] 
[INFO] [stdout] warning: trait objects without an explicit `dyn` are deprecated
[INFO] [stdout]   --> src/main.rs:58:103
[INFO] [stdout]    |
[INFO] [stdout] 58 | ..., f64, f64, f64)>) -> (Vec<Vec<(Box<Fn(f64,f64) -> bool>,i64)>>, f64,f64,f64,f64) {
[INFO] [stdout]    |                                        ^^^^^^^^^^^^^^^^^^^ help: use `dyn`: `dyn Fn(f64,f64) -> bool`
[INFO] [stdout] 
[INFO] [stdout] 
[INFO] [stdout] warning: trait objects without an explicit `dyn` are deprecated
[INFO] [stdout]   --> src/main.rs:64:27
[INFO] [stdout]    |
[INFO] [stdout] 64 |    let mut shot: Vec<(Box<Fn(f64,f64) -> bool>,i64)> = vec![];
[INFO] [stdout]    |                           ^^^^^^^^^^^^^^^^^^^ help: use `dyn`: `dyn Fn(f64,f64) -> bool`
[INFO] [stdout] 
[INFO] [stdout] 
[INFO] [stdout] warning: trait objects without an explicit `dyn` are deprecated
[INFO] [stdout]   --> src/main.rs:65:32
[INFO] [stdout]    |
[INFO] [stdout] 65 |    let mut shots: Vec<Vec<(Box<Fn(f64,f64) -> bool>,i64)>> = vec![];
[INFO] [stdout]    |                                ^^^^^^^^^^^^^^^^^^^ help: use `dyn`: `dyn Fn(f64,f64) -> bool`
[INFO] [stdout] 
[INFO] [stdout] 
[INFO] [stdout] warning: unnecessary parentheses around function argument
[INFO] [stdout]    --> src/main.rs:125:34
[INFO] [stdout]     |
[INFO] [stdout] 125 |     let min_across = partial_min((max_long-min_long), (max_lat-min_lat)).unwrap();
[INFO] [stdout]     |                                  ^^^^^^^^^^^^^^^^^^^ help: remove these parentheses
[INFO] [stdout]     |
[INFO] [stdout]     = note: `#[warn(unused_parens)]` on by default
[INFO] [stdout] 
[INFO] [stdout] 
[INFO] [stdout] warning: unnecessary parentheses around function argument
[INFO] [stdout]    --> src/main.rs:125:55
[INFO] [stdout]     |
[INFO] [stdout] 125 |     let min_across = partial_min((max_long-min_long), (max_lat-min_lat)).unwrap();
[INFO] [stdout]     |                                                       ^^^^^^^^^^^^^^^^^ help: remove these parentheses
[INFO] [stdout] 
[INFO] [stdout] 
[INFO] [stdout] warning: `...` range patterns are deprecated
[INFO] [stdout]    --> src/main.rs:146:18
[INFO] [stdout]     |
[INFO] [stdout] 146 |                 1...20 => t.fg(term::color::CYAN).unwrap(),
[INFO] [stdout]     |                  ^^^ help: use `..=` for an inclusive range
[INFO] [stdout]     |
[INFO] [stdout]     = note: `#[warn(ellipsis_inclusive_range_patterns)]` on by default
[INFO] [stdout] 
[INFO] [stdout] 
[INFO] [stdout] warning: `...` range patterns are deprecated
[INFO] [stdout]    --> src/main.rs:147:19
[INFO] [stdout]     |
[INFO] [stdout] 147 |                 -3...0 => t.fg(term::color::RED).unwrap(),
[INFO] [stdout]     |                   ^^^ help: use `..=` for an inclusive range
[INFO] [stdout] 
[INFO] [stdout] 
[INFO] [stdout] warning: `...` range patterns are deprecated
[INFO] [stdout]    --> src/main.rs:148:19
[INFO] [stdout]     |
[INFO] [stdout] 148 |                 -7...-4 => t.fg(term::color::MAGENTA).unwrap(),
[INFO] [stdout]     |                   ^^^ help: use `..=` for an inclusive range
[INFO] [stdout] 
[INFO] [stdout] 
[INFO] [stdout] warning: `...` range patterns are deprecated
[INFO] [stdout]    --> src/main.rs:149:20
[INFO] [stdout]     |
[INFO] [stdout] 149 |                 -11...-8 => t.fg(term::color::YELLOW).unwrap(),
[INFO] [stdout]     |                    ^^^ help: use `..=` for an inclusive range
[INFO] [stdout] 
[INFO] [stdout] 
[INFO] [stdout] warning: `...` range patterns are deprecated
[INFO] [stdout]    --> src/main.rs:150:20
[INFO] [stdout]     |
[INFO] [stdout] 150 |                 -15...-12 => t.fg(term::color::WHITE).unwrap(),
[INFO] [stdout]     |                    ^^^ help: use `..=` for an inclusive range
[INFO] [stdout] 
[INFO] [stdout] 
[INFO] [stdout] error: aborting due to 5 previous errors; 11 warnings emitted
[INFO] [stdout] 
[INFO] [stdout] 
[INFO] [stdout] Some errors have detailed explanations: E0425, E0432.
[INFO] [stdout] 
[INFO] [stdout] For more information about an error, try `rustc --explain E0425`.
[INFO] [stdout] 
[INFO] [stderr] error: could not compile `heat_map`.
[INFO] [stderr] 
[INFO] [stderr] To learn more, run the command again with --verbose.
[INFO] [stderr] warning: build failed, waiting for other jobs to finish...
[INFO] [stdout] error: aborting due to 5 previous errors; 11 warnings emitted
[INFO] [stdout] 
[INFO] [stdout] 
[INFO] [stdout] Some errors have detailed explanations: E0425, E0432.
[INFO] [stdout] 
[INFO] [stdout] For more information about an error, try `rustc --explain E0425`.
[INFO] [stdout] 
[INFO] [stderr] error: build failed
[INFO] running `Command { std: "docker" "inspect" "1d62631deb43d86bafe4257c700fa8b5601b3747ee8079fae0c8dc43952fb9f1", kill_on_drop: false }`
[INFO] running `Command { std: "docker" "rm" "-f" "1d62631deb43d86bafe4257c700fa8b5601b3747ee8079fae0c8dc43952fb9f1", kill_on_drop: false }`
[INFO] [stdout] 1d62631deb43d86bafe4257c700fa8b5601b3747ee8079fae0c8dc43952fb9f1
